{"id":157,"date":"2019-05-27T21:35:30","date_gmt":"2019-05-27T20:35:30","guid":{"rendered":"http:\/\/wetter.cuprum.de\/?page_id=157"},"modified":"2019-05-27T21:37:39","modified_gmt":"2019-05-27T20:37:39","slug":"157-2","status":"publish","type":"page","link":"http:\/\/wetter.cuprum.de\/?page_id=157","title":{"rendered":"Impressum\/Kontakt"},"content":{"rendered":"\n<p>Da diese Seite ausschliesslich privat betrieben wird,  keinerlei gesch\u00e4ftlichen Charakter hat und werbefrei ist, entf\u00e4llt die Impressumspflicht.<\/p>\n\n\n\n<p>Sie enth\u00e4lt auch keinerlei Links oder Weiterleitungen.<\/p>\n\n\n\n<p>Sinn dieser Seite ist es, die Daten meiner Umweltsensoren zu speichern, und &#8211; standort- unabh\u00e4ngig &#8211;  f\u00fcr mich abrufbar zu machen und sie soll dieses Projekt dokumentieren.<\/p>\n\n\n\n<p>Fragen und Anregungen nehme ich gerne unter wetter at cuprum.de entgegen.<\/p>\n","protected":false},"excerpt":{"rendered":"<p>Da diese Seite ausschliesslich privat betrieben wird, keinerlei gesch\u00e4ftlichen Charakter hat und werbefrei ist, entf\u00e4llt die Impressumspflicht. Sie enth\u00e4lt auch keinerlei Links oder Weiterleitungen. Sinn dieser Seite ist es, die Daten meiner Umweltsensoren zu speichern, und &#8211; standort- unabh\u00e4ngig &#8211; f\u00fcr mich abrufbar zu machen und sie soll dieses Projekt dokumentieren. Fragen und Anregungen nehme &hellip; <\/p>\n<p class=\"link-more\"><a href=\"http:\/\/wetter.cuprum.de\/?page_id=157\" class=\"more-link\"><span class=\"screen-reader-text\">\u201eImpressum\/Kontakt\u201c<\/span> weiterlesen<\/a><\/p>\n","protected":false},"author":1,"featured_media":0,"parent":0,"menu_order":0,"comment_status":"closed","ping_status":"closed","template":"","meta":[],"_links":{"self":[{"href":"http:\/\/wetter.cuprum.de\/index.php?rest_route=\/wp\/v2\/pages\/157"}],"collection":[{"href":"http:\/\/wetter.cuprum.de\/index.php?rest_route=\/wp\/v2\/pages"}],"about":[{"href":"http:\/\/wetter.cuprum.de\/index.php?rest_route=\/wp\/v2\/types\/page"}],"author":[{"embeddable":true,"href":"http:\/\/wetter.cuprum.de\/index.php?rest_route=\/wp\/v2\/users\/1"}],"replies":[{"embeddable":true,"href":"http:\/\/wetter.cuprum.de\/index.php?rest_route=%2Fwp%2Fv2%2Fcomments&post=157"}],"version-history":[{"count":4,"href":"http:\/\/wetter.cuprum.de\/index.php?rest_route=\/wp\/v2\/pages\/157\/revisions"}],"predecessor-version":[{"id":162,"href":"http:\/\/wetter.cuprum.de\/index.php?rest_route=\/wp\/v2\/pages\/157\/revisions\/162"}],"wp:attachment":[{"href":"http:\/\/wetter.cuprum.de\/index.php?rest_route=%2Fwp%2Fv2%2Fmedia&parent=157"}],"curies":[{"name":"wp","href":"https:\/\/api.w.org\/{rel}","templated":true}]}}

<p>Da diese Seite ausschliesslich privat betrieben wird,  keinerlei geschäftlichen Charakter hat und werbefrei ist, entfällt die Impressumspflicht.</p>



<p>Sie enthält auch keinerlei Links oder Weiterleitungen.</p>



<p>Sinn dieser Seite ist es, die Daten meiner Umweltsensoren zu speichern, und &#8211; standort- unabhängig &#8211;  für mich abrufbar zu machen und sie soll dieses Projekt dokumentieren.</p>



<p>Fragen und Anregungen nehme ich gerne unter wetter at cuprum.de entgegen.</p>

<p>Da diese Seite ausschliesslich privat betrieben wird, keinerlei geschäftlichen Charakter hat und werbefrei ist, entfällt die Impressumspflicht. Sie enthält auch keinerlei Links oder Weiterleitungen. Sinn dieser Seite ist es, die Daten meiner Umweltsensoren zu speichern, und &#8211; standort- unabhängig &#8211; für mich abrufbar zu machen und sie soll dieses Projekt dokumentieren. Fragen und Anregungen nehme &hellip; </p>
<p class="link-more"><a href="http://wetter.cuprum.de/?page_id=157" class="more-link"><span class="screen-reader-text">„Impressum/Kontakt“</span> weiterlesen</a></p>
